) = 70*h**2 - 7280*h - 84. Calculate m(104).
-84
Let v(h) = -14*h + 13. Give v(2).
-15
Let a(r) = 3*r**2 + 211*r - 349. Determine a(-72).
11
Let n(v) = -110*v + 6768. Calculate n(61).
58
Let d(x) = 8*x**2 - 3*x + 43. Calculate d(0).
43
Let q(y) = y**3 + 12*y**2 - 43*y + 34. Give q(-14).
244
Let d(b) = b**3 + 2*b**2 - 5*b - 11. Give d(-7).
-221
Let t(d) = 81*d**2 - 1943*d + 1. Calculate t(24).
25
Let c(z) = -6*z**2 - 18*z + 74. Calculate c(4).
-94
Let f(d) = 1233*d - 8608. Give f(7).
23
Let l(r) = r**3 + 72*r**2 + 66*r - 352. Calculate l(-71).
3
Let t(n) = 35*n**2 - 26*n + 2. Give t(-1).
63
Let t(c) = 9*c + 51. Determine t(12).
159
Let j(h) = h**3 + 18*h**2 + 58*h - 19. Give j(-4).
-27
Let d(r) = r**3 - 17*r**2 + 16*r + 28. What is d(16)?
28
Let v(s) = 787*s - 7098. Give v(9).
-15
Let o(n) = -10*n**3 - 5*n**2 + 1211*n - 1208. Give o(1).
-12
Let t(c) = 50*c**2 - 309*c + 272. Give t(5).
-23
Let c(s) = -10*s + 498. Calculate c(48).
18
Let y(u) = 38*u**2 + 1687*u - 1039. Determine y(-45).
-4
Let v(z) = 2*z**2 - 83*z - 754. What is v(-8)?
38
Let k(f) = -f**2 - 1132*f - 24418. Determine k(-22).
2
Let f(z) = 118*z - 12042. Give f(102).
-6
Let j(s) = -s**3 - 39*s**2 - 85*s - 156. What is j(-37)?
251
Let u(r) = -102*r**2 - 339*r - 95. Calculate u(-3).
4
Let f(d) = -100*d - 10. What is f(1)?
-110
Let h(x) = 11*x + 577. Determine h(-52).
5
Let p(y) = -y**3 - 23*y**2 - 123*y - 408. What is p(-17)?
-51
Let t(r) = r**3 + 2*r**2 - 4*r - 36. What is t(4)?
44
Let p(d) = d**3 + 22*d**2 - 27*d + 17. Give p(-23).
109
Let q(h) = 24*h + 1986. Determine q(-80).
66
Let a(f) = f**3 - 8*f**2 + 17*f + 4. Determine a(6).
34
Let v(w) = 1347*w + 6734. Determine v(-5).
-1
Let a(d) = -d**2 - 5102*d + 71627. What is a(14)?
3
Let d(a) = a**3 - 8*a**2 + 16*a - 4. What is d(4)?
-4
Let f(i) = -471*i + 2358. Give f(5).
3
Let z(p) = p**2 + 5*p + 38. Give z(10).
188
Let m(n) = 3*n**3 + 86*n**2 - 54*n - 753. Calculate m(-29).
-28
Let c(u) = -u**3 - 3*u**2 + 88*u - 15. What is c(-11)?
-15
Let b(g) = -6*g**3 - 80*g**2 - 196*g + 18. What is b(-10)?
-22
Let v(a) = -8*a**3 - 209*a**2 - 26*a - 20. Give v(-26).
-20
Let w(q) = -16*q - 403. Give w(-27).
29
Let v(b) = -b**2 + 16*b - 89. Calculate v(11).
-34
Let w(z) = 183*z + 34779. Give w(-190).
9
Let x(z) = -z**3 + 9*z**2 - 8*z + 36. Calculate x(9).
-36
Let a(z) = -92*z - 5887. What is a(-64)?
1
Let a(z) = -z**3 - 12*z**2 + 19*z - 13. What is a(-12)?
-241
Let i(m) = -m**2 - 134*m - 646. Calculate i(-129).
-1
Let a(y) = -307*y - 5225. What is a(-17)?
-6
Let a(z) = -80*z + 14742. Determine a(184).
22
Let x(j) = -56*j + 3038. Determine x(54).
14
Let t(i) = 2*i**3 - 19*i**2 - 11*i + 212. Calculate t(8).
-68
Let l(d) = d**2 - 186*d + 551. Give l(3).
2
Let o(i) = 19*i - 95. What is o(-1)?
-114
Let s(q) = -2*q**2 + 60*q + 24. Calculate s(28).
136
Let u(b) = -b**2 + 32*b - 183. Give u(22).
37
Let i(x) = 15*x + 59. Determine i(-11).
-106
Let i(b) = -b**2 - 249*b - 2616. Calculate i(-11).
2
Let s(g) = g**2 + 35*g - 236. What is s(6)?
10
Let t(v) = 82*v - 75. Determine t(1).
7
Let r(u) = -u**2 - 61*u - 195. Calculate r(-58).
-21
Let s(z) = 14*z**2 - 15*z - 33. Calculate s(4).
131
Let y(k) = k**2 + 21*k + 23. Determine y(-11).
-87
Let a(f) = 3*f**2 + 20*f + 106. Determine a(-14).
414
Let i(a) = -a**3 - 9*a**2 + 22*a - 8. Calculate i(2).
-8
Let j(d) = d**3 - 77*d**2 + 225*d + 3. What is j(3)?
12
Let n(x) = 667*x + 59. Determine n(-1).
-608
Let d(v) = -891*v - 4452. Give d(-5).
3
Let s(y) = 5*y**2 - 14*y - 96. Calculate s(6).
0
Let p(x) = 49*x - 755. What is p(15)?
-20
Let d(b) = 116*b - 926. Give d(9).
118
Let a(y) = -y**3 + 14*y**2 - 3*y - 4. Give a(13).
126
Let o(z) = -z**3 - 100*z**2 - 650*z + 100. Give o(-93).
7
Let f(u) = -u**3 + 35*u**2 + 31*u + 47. Determine f(36).
-133
Let i(n) = -n**3 + 32*n**2 - 253*n + 98. What is i(16)?
146
Let g(x) = x**3 + 6*x**2 - 889*x - 3575. Give g(-4).
13
Let c(f) = 333*f + 3984. What is c(-12)?
-12
Let f(i) = i**3 + 33*i**2 - 85*i - 521. What is f(-35)?
4
Let r(f) = -f**2 - 23*f - 101. Give r(-16).
11
Let x(j) = -j**3 - 13*j**2 - 11*j - 22. Give x(-11).
-143
Let o(h) = -h**3 - 8*h**2 - 9*h - 30. Determine o(-7).
-16
Let v(m) = 276*m + 264. Calculate v(-4).
-840
Let k(z) = 13*z + 430. Calculate k(-46).
-168
Let w(p) = -3*p**3 - 194*p**2 + 63*p - 156. Determine w(-65).
-26
Let l(g) = -g**3 + 35*g - 26. Determine l(-6).
-20
Let n(d) = -8*d + 611. What is n(78)?
-13
Let w(s) = 2*s**3 + 13*s**2 + 2*s - 2. Give w(-8).
-210
Let o(l) = -33*l + 525. Determine o(16).
-3
Let p(a) = 924*a - 315. Give p(1).
609
Let a(h) = h**3 - 11*h**2 + 5*h - 3. What is a(4)?
-95
Let q(v) = v**2 + 12*v - 87. Calculate q(-21).
102
Let n(y) = y**2 + 4899*y - 29437. Calculate n(6).
-7
Let s(m) = 2*m**2 + 5*m + 26. What is s(-6)?
68
Let n(h) = 9*h + 417. Calculate n(-30).
147
Let r(v) = 26*v**2 + 1394*v - 538. What is r(-54)?
2
Let s(p) = -107*p - 7646. Calculate s(-70).
-156
Let u(h) = 7*h**3 + 26*h**2 + 4*h + 2. Determine u(-3).
35
Let b(q) = -14*q**2 - 3380*q + 6755. Calculate b(2).
-61
Let y(i) = -i**2 + 65*i - 268. Determine y(60).
32
Let j(g) = -16*g**2 - 79*g - 52. What is j(-4)?
8
Let p(i) = -42*i + 1224. Calculate p(27).
90
Let g(c) = 242*c + 23473. Calculate g(-97).
-1
Let o(b) = -2*b**2 + 13*b - 11. Determine o(9).
-56
Let g(a) = -a**2 + 130*a - 2930. What is g(29)?
-1
Let a(q) = 2*q**2 - 100*q + 144. What is a(47)?
-138
Let a(x) = x**3 + 2*x**2 - 30*x + 19. Determine a(6).
127
Let o(y) = y**3 - 8*y**2 - 6*y - 9. Determine o(6).
-117
Let w(o) = o**3 - 5*o**2 - 94*o + 113. Calculate w(12).
-7
Let j(o) = -o**3 + 35*o**2 + 157*o - 8. What is j(39)?
31
Let j(o) = -2*o**2 - 182*o + 1215. Determine j(-97).
51
Let p(k) = -23*k - 995. Calculate p(-53).
224
Let g(n) = -8*n**3 - 71*n**2 + 6*n - 18. Calculate g(-9).
9
Let m(c) = -34*c - 458. What is m(-19)?
188
Let k(x) = 94*x - 841. Give k(9).
5
Let w(c) = -c**3 + 4*c**2 + 9*c - 1. Give w(-3).
35
Let t(b) = -b**2 - 48*b - 649. Give t(-21).
-82
Let g(x) = x**3 - 19*x**2 - 10*x + 20. Determine g(19).
-170
Let d(o) = -o**3 - 15*o**2 - 40*o - 155. Determine d(-13).
27
Let b(h) = 48*h - 1435. What is b(31)?
53
Let z(o) = 6*o**2 - 57*o - 112. Calculate z(8).
-184
Let w(v) = v**3 + 6*v**2 - 46*v - 294. Give w(-7).
-21
Let t(s) = -s**3 - 8*s**2 + 360*s + 2247. Determine t(-6).
15
Let i(f) = f**3 + 4*f**2 - 15*f + 11. Give i(-8).
-125
Let r(n) = 421*n - 32838. Calculate r(78).
0
Let u(m) = -3842*m + 11514. Calculate u(3).
-12
Let x(g) = g**2 - 25*g + 154. What is x(10)?
4
Let x(k) = -34*k - 454. Calculate x(-14).
22
Let l(j) = -4*j**2 + 26*j + 552. Calculate l(-9).
-6
Let c(v) = -2*v**2 - 21*v - 46. Give c(-7).
3
Let n(g) = -941*g - 29168. What is n(-31)?
3
Let y(p) = 11158*p - 44629. Give y(4).
3
Let b(o) = -2*o**2 - 5*o + 5. What is b(-4)?
-7
Let b(x) = x**3 + 37*x**2 - 18*x + 2344. Give b(-39).
4
Let q(n) = -3*n**2 + 22*n - 75. Give q(4).
-35
Let g(y) = -y**2 + 8*y + 161. What is g(13)?
96
Let b(v) = v**3 + 29*v**2 + 21*v - 196. Give b(-28).
0
Let x(j) = -25*j - 22. What is x(-6)?
128
Let h(i) = -823*i + 14757. What is h(18)?
-57
Let g(n) = n**2 + 527*n + 5678. Determine g(-11).
2
Let j(u) = -625*u + 37498. Calculate j(60).
-2
Let p(z) = 3889*z + 101115. What is p(-26)?
1
Let z(w) = -w**3 - 34*w**2 - 34*w + 19. Give z(-33).
52
Let j(u) = -u**3 - 12*u**2 - 34*u - 113. Give j(-10).
27
Let g(p) = -2*p**3 + 25*p**2 + 68*p + 101. Determine g(15).
-4
Let o(h) = 6*h**2 + 39*h + 86. Determine o(-6).
68
Let p(x) = 43*x - 116. Calculate p(10).
314
Let v(q) = q**3 - q**2 - 74*q + 14. Calculate v(9).
-4
Let c(o) = 2*o**2 + 22*o - 367. Calculate c(0).
-367
Let o(i) = i - 138. What is o(-39)?
-177
Let k(u) = -u**3 + 4*u**2 + 43*u - 194. Calculate k(4).
-22
Let w(x) = -50*x - 851. Calculate w(-17).
-1
Let r(m) = 22*m**2 + 147*m + 20. What is r(-5)?
-165
Let p(i) = i**3 + 18*i**2 + 74*i + 441. Determine p(-15).
6
Let r(g) = 2*g**2 - 26*g - 41. What is r(14)?
-13
Let c(u) = -9*u**2 + 1061*u + 8003. Calculate c(125).
3
Let b(x) = 13*x**2 - 9*x - 19. What is b(-3)?
125
Let s(m) = 184*m - 3697. Give s(20).
-17
Let u(i) = 7*i + 156. What is u(-12)?
72
Let g(c) = 22*c**3 - 45*c**2 - 7*c + 13. What is g(2)?
-5
Let x(r) = 19*r - 213. Give x(12).
15
Let g(x) = -3*x**3 + 31*x**2 - 22*x + 57. Determine g(11).
-427
Let l(i) = 2